{"id":628,"date":"2022-08-12T07:03:35","date_gmt":"2022-08-12T07:03:35","guid":{"rendered":"http:\/\/www.severinkroj.com\/?page_id=628"},"modified":"2025-06-25T20:35:14","modified_gmt":"2025-06-25T18:35:14","slug":"shamanika-kreativa","status":"publish","type":"page","link":"http:\/\/www.severinkroj.com\/?page_id=628","title":{"rendered":"Shamanika Kreativa"},"content":{"rendered":"\n<p><a rel=\"noreferrer noopener\" href=\"http:\/\/www.severinkroj.com\/?page_id=521\" target=\"_blank\">URNIK VSEH DOGODKOV<\/a><\/p>\n\n\n\n<figure class=\"wp-block-image size-full is-resized\"><img loading=\"lazy\" decoding=\"async\" width=\"2362\" height=\"2362\" src=\"http:\/\/www.severinkroj.com\/wp-content\/uploads\/2024\/04\/SHAMANIKA-KREATIVA-net.jpg\" alt=\"\" class=\"wp-image-1471\" style=\"width:307px;height:auto\"\/><\/figure>\n\n\n\n<p><strong>Shamanika Kreativa<\/strong> <br>je odprt prostor za pretok zvo\u010dnega vrelca, <br>za ustvarjanje in izku\u0161anje svetega prostora s pomo\u010djo namena in zvoka, sozvo\u010dja in ritma. <\/p>\n\n\n\n<p><strong>Namen<\/strong> je, da skupaj ustvarimo zvo\u010dne slike, ki nas popeljejo na globoka notranja  potovanja, da skupaj odstremo&nbsp;razli\u010dne dimenzije in pridemo do stika z enostjo, s pomo\u010djo skupinskega soustvarjanja&nbsp;zvoka in ubranega petja.&nbsp;<\/p>\n\n\n\n<p><strong>Obstajata dva izraza tega projekta,<\/strong> ki se med seboj rahlo prepletata<strong>: <\/strong><br>* obredno petje svetih pesmi  <br>* trenutni pretok zvo\u010dnega vrelca <\/p>\n\n\n\n<p>Tukaj je video od so-avtorja in idejnega vodje, kjer razlo\u017ei krovni koncept <br>Shamanike Kreative in osnovne stvari glede na\u0161ega skupinskega sodelovanja. <br>\u010ce se ti ne da gledat, lahko tudi bere\u0161, je lepo napisano spodaj v nadaljevanju. <\/p>\n\n\n\n<figure class=\"wp-block-embed is-type-video is-provider-youtube wp-block-embed-youtube wp-embed-aspect-16-9 wp-has-aspect-ratio\"><div class=\"wp-block-embed__wrapper\">\n<iframe loading=\"lazy\" title=\"Shamanika Kreativa OSNOVA\" width=\"525\" height=\"295\" src=\"https:\/\/www.youtube.com\/embed\/QsWWQIjB06Y?feature=oembed\" frameborder=\"0\" allow=\"accelerometer; autoplay; clipboard-write; encrypted-media; gyroscope; picture-in-picture; web-share\" referrerpolicy=\"strict-origin-when-cross-origin\" allowfullscreen><\/iframe>\n<\/div><\/figure>\n\n\n\n<p><strong>OBREDNO PETJE SVETIH PESMI<\/strong> <br>je namenjeno odpiranju na\u0161ega glasu, izra\u017eanja, tudi sprejemanju samih sebe in tega, kaj do\u017eivljamo, \u010dutimo. Ker so pesmi enostavne in po vi\u0161ini prilagojene za vse, lahko ne\u017eno razvijamo svoj glas, u\u017eivamo v skupinskem petju in izra\u017eanju molitev, hvalnic, se kopamo v harmoniji glasov in raziskujemo nova podro\u010dja, ustvarjanja, soustvarjanja in bivanja.&nbsp;<\/p>\n\n\n\n<p><strong>Obredno petje svetih pesmi je za vsakogar, <\/strong>ki ga pokli\u010de, ne glede na pevsko predznanje, ali kake druge parametre. \u010ceprav je aktivno sodelovanje za\u017eeleno, lahko pride\u0161 soustvarjat tudi samo s svojo prisotnostjo. Pesmi so v razli\u010dnih jezikih, besedila so zapisana in lahka za zapomnit.&nbsp;Pri Shamaniki ga uporabljamo za ogrevanje in ugla\u0161evanje na prave frekvence. <\/p>\n\n\n\n<p>Izku\u0161anje na\u0161e skupne svetosti, svetega prostora, s pomo\u010djo zvoka velja za oba izraza. <\/p>\n\n\n\n<p>Drugi izraz Shamanike Kreative je ustvarjanje zvo\u010dnega vrelca sedanjosti. <\/p>\n\n\n\n<p><strong>TRENUTNI PRETOK ZVO\u010cNEGA VRELCA<\/strong><\/p>\n\n\n\n<p><strong>Shamanika Kreativa<\/strong> je ustvarjalno zvo\u010dno dru\u017eenje tudi z namenom komponiranja na licu mesta &#8211; USTVARJANJA pesmi, ki prihajajo iz polj, ki so onkraj (ali znotraj) na\u0161e zavesti, onkraj prostora in \u010dasa. Te pesmi prihajajo do nas z namenom, da izkusimo na\u0161o celovitost. Delujemo iz trenutka tukaj in zdaj, izhajamo iz spro\u0161\u010denosti in lastnih navdihov, ki jih ima vsak sam, oz. spro\u017eimo drug drugega. Izhajamo iz tega, da vse \u017ee je. Prepustimo se. <\/p>\n\n\n\n<p>Ta zapis ti je namenjen, \u010de si ustvarjalec in se \u017eeli\u0161 \u0161e bolj aktivno pridru\u017eiti projektu <strong>Shamanika Kreativa<\/strong>, <\/p>\n\n\n\n<p>Lahko se pridru\u017ei\u0161 kot aktivni soustvarjalec zvo\u010dnega vrelca, kjer prispeva\u0161 s svojo prisotnostjo in zvokom. <\/p>\n\n\n\n<hr class=\"wp-block-separator has-alpha-channel-opacity\"\/>\n\n\n\n<p><strong>ZA RESNE SOUSTVARJALCE<\/strong><\/p>\n\n\n\n<p><strong>Na kratko:<\/strong> <br><em>zberemo se v krogu, <br>vsak prinese s sabo sebe in tisto, kar zna igrati, <br>skupaj ustvarjamo zvo\u010dni vrelec trenutka, <br>ki je tu za nas, za poslu\u0161alce in za cel svet. <br>\u017divljenje \u017eivi.<\/em><\/p>\n\n\n\n<p>Prijavite se na: <a href=\"zum.muc@gmail.com\">zum.muc@gmail.com<\/a>  ali na <a href=\"shamanika.kreativa@gmail.com\">shamanika.kreativa@gmail.com <\/a><\/p>\n\n\n\n<p>Za dobro predpripravo prosim preberi naslednji zapis.  <br>To je predvsem zato, da smo \u010dimprej na isti valovni dol\u017eini <br>in da ne zgubljamo \u010dasa za razlaganje osnov, ki so temelj za na\u0161e delo. <\/p>\n\n\n\n<p><strong>OSNOVE ZA DELO<\/strong><\/p>\n\n\n\n<p>Lepo je, da in\u0161trumente, ki jih  prinese\u0161 s sabo, tudi <strong>zna\u0161 igrat.<\/strong> Ni treba, da si virtuozni mojster, je pa potrebno, da nisi \u010disti za\u010detnik. To ni mesto, kjer bi se posameznik \u0161ele spoznaval s svojim orodjem in vadil svoje igranje. Vadil je vsak sam doma, toliko, kot je. To je mesto, kjer se vsa orodja skupaj uglasijo v skupno harmonijo in se izrazijo. <\/p>\n\n\n\n<p>Pod in\u0161trumente se \u0161tejejo vsi glasbeni, zvo\u010dni in\u0161trumenti ter tudi tvoje telo in predvsem tvoj izraz, dih, <strong>tvoj glas. <\/strong>\u010ce si suveren-a v tem, kar po\u010dne\u0161, se pravi, \u010de zna\u0161 odlo\u010dno zazvenet, potem si seveda dobrodo\u0161la, dobrodo\u0161el, da se nam pridru\u017ei\u0161. Kar zna\u0161, zna\u0161. Kar bo, bo. Vse bo.  Vse bo tudi posneto, tako da bo lahko tudi vedno znova opa\u017eeno. <\/p>\n\n\n\n<p>Lahko pride\u0161 tudi s<strong>amo s svojo prisotnostjo<\/strong>, samo bit, poslu\u0161at, u\u017eivat v vrelcu. V obeh primerih te, kot organizator prosim, da si zelo pozoren, pozorna in da sledi\u0161 subtilnemu pretoku, ki ga bomo imeli tako v zvoku, kot v ti\u0161ini. Prosim te, da pride\u0161 so-ustvarjat, se izrazit, bit. Pusti \u010dimve\u010d svojih vsakdanjih stvari doma (tukaj je mi\u0161ljeno tudi \u017eivljenje na telefonu), da bo prostor za zvok in ti\u0161ino, za skupno kreacijo in za skupen prostor. <\/p>\n\n\n\n<p><strong>U\u010cENJE <\/strong><\/p>\n\n\n\n<p>Seveda je Shamanika Kreativa tudi<strong> u\u010denje<\/strong>. Predvsem u\u010denje poslu\u0161anja, u\u010denje prepoznavanja skupnega ritma, u\u010denje bitja, u\u010denje izra\u017eanja, u\u010denje ti\u0161ine, u\u010denje harmonije, u\u010denje jahanja zvo\u010dnega zmaja,  &#8230;.U\u010denje prepoznavanja tvojega prostora v vrelcu, vseh vlog, ki jih prevzema\u0161.  Izku\u0161anje skupnega miru. <\/p>\n\n\n\n<p>Zvo\u010dni vrelec nas oblikuje, saj vedno poskrbi za najnovej\u0161i zvo\u010dni material, ki ga nih\u010de ne pozna. To je za nekatere precej\u0161en izziv, saj so navajeni na isti na\u010din vedno znova ponavljati iste pesmi.  Shamanika Kreativa je zvo\u010dni vrelec sedanjega trenutka, ki ga oblikuje ravno to, da prihaja edino sedaj. <strong>Je nov zvok, so nove pesmi. Mogo\u010de v\u010dasih tudi iste, narejene na druga\u010den na\u010din.  <\/strong>Je to\u010dno ta \u010das, je to\u010dno to mesto. Vsako na\u0161e sre\u010danje je edinstveno. Hvala vnaprej za to bo\u017eansko soustvarjanje v vseh spektrih svetlobe. <\/p>\n\n\n\n<p><strong>SKUPNA TLA<\/strong><br>Isti skupni imenovalec se izoblikuje, ko se skupina zbere. Nih\u010de ne sme biti v prednosti, zato se vsi spustimo na ista tla, kar se glasbe in zvoka ti\u010de &#8211; in igramo iz to\u010dno tega flowa. Poenostavljeno bi \u010dlovek rekel, da bomo imeli jam session ali pa improvizacijo, \u010de \u017ee, bo to tematska improvizacija. Imeli bomo \u0161e malo ve\u010d kot samo to. To bo <strong>usklajevanje, harmoniziranje in skladnost<\/strong> ter seveda kaos v vsem svojem razcvetu. Igrali bomo pesmi, ki jih nih\u010de ne pozna, a ko prihajajo skozi nas, jih poznamo vsi, ker so del nas, del na\u0161ega \u017eivljenja. <\/p>\n\n\n\n<p><strong>Cilj je, da smo harmoni\u010dni, usklajeni v tonih in ritmih, usklajeni v glasnosti, intenzivnosti. <\/strong><\/p>\n\n\n\n<p>Seveda je zgornje stanje te\u017eje dose\u010di, kot pisati o njem, zato je Shamanika Kreativa v \u017eivo konkreten trening zbranosti, kajti le, \u010de smo vsi prisotni tukaj in zdaj, le \u010de vsi zelo pozorno poslu\u0161amo in so-delujemo, le takrat se ustvari to, kar je namen: <strong>zvo\u010dni vrelec, ki je namenjen tem ljudem, ki so tukaj prisotni <\/strong>in je pretok zvoka, prenos zvoka iz drugih dimenzij v to realnost. Na\u0161e seanse tudi snemamo. Posnetki se uporabljajo za zorenje in pobiranje na\u0161ih zvo\u010dnih sadov in za u\u010denje za naprej. <\/p>\n\n\n\n<p><a rel=\"noreferrer noopener\" href=\"https:\/\/soundcloud.com\/shamanika-love\/sets\/shamanika-promo-1\" target=\"_blank\">Tukaj je nekaj kratkih posnetkov iz na\u0161ih skupnih vrelcev.<\/a><\/p>\n\n\n\n<p>Igranje, muziciranje, zvok se oblikuje ob na\u0161i <strong>aktivni zbranosti.<\/strong> Vsi veste, da je tudi pot do harmonije lahko sli\u0161na, izra\u017ea se najprej skozi kaos in zmedo. Ker i\u0161\u010demo harmonijo, moramo poznati tudi kaos, pot v njega in pot iz njega. Zato bo to potovanje pre\u017eeto tudi s kaosom. Zvok se bo oblikoval, se bo sestavljal, se bo usklajeval, zvok se bo ru\u0161il, pesmi se bodo sestavljale in razstavljale. Mi bomo zraven in bomo dr\u017eali prostor vsemu temu in zdr\u017eali vse, kar bo, zraven pa se bomo \u0161e neizmerno zabavali. <\/p>\n\n\n\n<p><strong>RAZLI\u010cNE VLOGE<\/strong><br>Pri skupinskem igranju na tak na\u010din, se vedno zgodi, da nekdo dobi inspiracijo, nekdo drug pa pa\u010d ne. Ne dobimo vedno vsi vsega. V tem primeru je fino, \u010de vsak udele\u017eenec prepozna svojo vlogo &#8211; v vsakem trenutku, kajti \u017ee v naslednjem trenutku so lahko vloge tvojega sodelovanja druga\u010dne. Vloge so naslednje: <strong>vodilna 1<\/strong> &#8211; tisti, ki za\u010dne &#8211; dr\u017ei prostor za osnovo, in ni nujno, da je inspiriran naprej. Dr\u017ei osnovo. Navdahne druge, da mu sledijo. \u010ce mu ne, zadeva zamre. <strong>Vodilna 2:<\/strong> tisti, ki se jasno izra\u017ea in je dobil, med ustvarjanjem, kot inspiracijo, neko jasno melodijo, nekaj, kar opazijo tudi drugi in je tam, zato, da drugi opazijo in prevzamejo. Tako se lahko potem vrelec tudi gradi naprej. <strong>Podporno vlogo <\/strong>igra tisti, ki sam nima konkretne inspiracije, ampak pozorno poslu\u0161a in v sozvo\u010dju podpira to, kar prihaja v prostor. Pri tem pa ponavadi \u0161e rahlo nadgrajuje, stopnjue in dopolnjuje. Vodilna vloga in podporna vloga sta si enakovredni. Ene ni brez druge. <strong>Pasivna vloga<\/strong> je za tiste, ki tipajo, ki niso prepri\u010dani, da je prav, kar po\u010dnejo, ali pa enostavno po\u010divajo in \u010dakajo, da jih potegne noter. \u010ce je preve\u010d pasivnih ljudi, potem je vrelec po\u010dasen in te\u010de samo za aktivne, pasivni pa se dolgo\u010dasijo. <strong>Kli\u010dem hamonijo med nas, da bodo na\u0161i vrelci vedno polni energije in barvitosti. <\/strong><\/p>\n\n\n\n<p>Vedno se dogajajo tudi prehodi iz ene v drugo vlogo, ve\u010d ljudi naenkrat ima (ali ho\u010de imeti) vodilno vlogo, ali pa ostanemo brez vodilne vloge ali celo brez neke konkretne inspiracije. Vse je prav, vse je u\u010denje. Komunikacija.  Zvok in ti\u0161ina. Vse se spreminja. <\/p>\n\n\n\n<p>SHAMANIKA KREATIVA je multidimenzionalni kulturni dogodek, ki je namenjen na\u0161emu soustvarjanju. Lahko se izvede tudi kot<strong> izobra\u017eevalna izkustvena delavnica <\/strong>(kratka, dalj\u0161a, celodnevna ali ve\u010ddnevna)<strong> za razli\u010dne namene<\/strong>, v tem primeru se ji re\u010de: <a href=\"http:\/\/www.severinkroj.com\/?page_id=1247\" target=\"_blank\" rel=\"noreferrer noopener\"><em>KROG \u017dIVE NARAVE<\/em><\/a> oz. <a href=\"http:\/\/www.severinkroj.com\/?page_id=697\" target=\"_blank\" rel=\"noreferrer noopener\"><em>\u017dIVA KREATIVA<\/em><\/a><\/p>\n\n\n\n<p><strong>Shamaniko Kreativo koordiniram \u017diga Birsa <\/strong><br>in je plod vsaj 10 letnega raziskovanja zvoka <br>preko projektov Sachsenfeld,  Magu Ika, Shamanika Kreativa<br>ter preko preu\u010devanja skupinskih dinamik na drugih podro\u010djih. <\/p>\n\n\n\n<hr class=\"wp-block-separator has-alpha-channel-opacity\"\/>\n\n\n\n<p><strong>Odziv udele\u017eenke Zvo\u010dnega Vrelca na na\u0161e delo: <\/strong><\/p>\n\n\n\n<p><em>Ljubi \u017diga <img loading=\"lazy\" decoding=\"async\" height=\"16\" width=\"16\" src=\"https:\/\/static.xx.fbcdn.net\/images\/emoji.php\/v9\/t6d\/1\/16\/2600.png\" alt=\"\u2600\ufe0f\">  \u017delim podelit s Teboj, ker je ob\u010dutek tako zelo vro\u010d &#8230; iskreno hvale\u017ena zate in prostor, ki ga dr\u017ei\u0161 in zdr\u017ei\u0161 za \u010dlove\u0161tvo in planet. Shamanika Kreativa izjemno, izjemno, izjemno veli\u010dastno do\u017eivetje objema ljubezni preboja v telesu in ob\u010dutjih ter prisotnosti celostne podpore stvarstva skoncentrirana v trenutek osvoboditve, preboja, za \u017eivljenje. Res se je zgodilo in pri\u0161lo med nas \u010dista milina svetlobe v vsem vavvv izjemno &#8230; HVALA ZA TO, ni besed opisa, so pa globoki ob\u010dutki HVALE\u017dNOSTI in \u0161e se VESELIMO ter smo HVALE\u017dNI da lahko imamo prostor kjer se osvobajamo vseh nalo\u017eenih programov, te\u017ekih \u010dutenj, da vstopamo ob podpori, ki nam jo dr\u017ei\u0161 ter verjame\u0161 v \u010dloveka, v svojo polnost to kar po naravi smo.<\/em> <img loading=\"lazy\" decoding=\"async\" height=\"16\" width=\"16\" src=\"https:\/\/static.xx.fbcdn.net\/images\/emoji.php\/v9\/t80\/1\/16\/1f64f.png\" alt=\"\ud83d\ude4f\"><img loading=\"lazy\" decoding=\"async\" height=\"16\" width=\"16\" src=\"https:\/\/static.xx.fbcdn.net\/images\/emoji.php\/v9\/t6d\/1\/16\/2600.png\" alt=\"\u2600\ufe0f\"><img loading=\"lazy\" decoding=\"async\" height=\"16\" width=\"16\" src=\"https:\/\/static.xx.fbcdn.net\/images\/emoji.php\/v9\/te8\/1\/16\/1f451.png\" alt=\"\ud83d\udc51\"><img loading=\"lazy\" decoding=\"async\" height=\"16\" width=\"16\" src=\"https:\/\/static.xx.fbcdn.net\/images\/emoji.php\/v9\/t6a\/1\/16\/1f497.png\" alt=\"\ud83d\udc97\"><img loading=\"lazy\" decoding=\"async\" height=\"16\" width=\"16\" src=\"https:\/\/static.xx.fbcdn.net\/images\/emoji.php\/v9\/td5\/1\/16\/1f409.png\" alt=\"\ud83d\udc09\"><img loading=\"lazy\" decoding=\"async\" height=\"16\" width=\"16\" src=\"https:\/\/static.xx.fbcdn.net\/images\/emoji.php\/v9\/t41\/1\/16\/1f30f.png\" alt=\"\ud83c\udf0f\"><img loading=\"lazy\" decoding=\"async\" height=\"16\" width=\"16\" src=\"https:\/\/static.xx.fbcdn.net\/images\/emoji.php\/v9\/t46\/1\/16\/1f90e.png\" alt=\"\ud83e\udd0e\"><img loading=\"lazy\" decoding=\"async\" height=\"16\" width=\"16\" src=\"https:\/\/static.xx.fbcdn.net\/images\/emoji.php\/v9\/t50\/1\/16\/1f525.png\" alt=\"\ud83d\udd25\"><img loading=\"lazy\" decoding=\"async\" height=\"16\" width=\"16\" src=\"https:\/\/static.xx.fbcdn.net\/images\/emoji.php\/v9\/tfc\/1\/16\/1f32c.png\" alt=\"\ud83c\udf2c\"><img loading=\"lazy\" decoding=\"async\" height=\"16\" width=\"16\" src=\"https:\/\/static.xx.fbcdn.net\/images\/emoji.php\/v9\/t42\/1\/16\/1f4a7.png\" alt=\"\ud83d\udca7\"><img loading=\"lazy\" decoding=\"async\" height=\"16\" width=\"16\" src=\"https:\/\/static.xx.fbcdn.net\/images\/emoji.php\/v9\/t7b\/1\/16\/267e.png\" alt=\"\u267e\ufe0f\"><\/p>\n\n\n\n<p><a href=\"http:\/\/www.severinkroj.com\/?page_id=521\" target=\"_blank\" rel=\"noreferrer noopener\">URNIK VSEH DOGODKOV<\/a><\/p>\n\n\n\n<figure class=\"wp-block-image size-full\"><img loading=\"lazy\" decoding=\"async\" width=\"2362\" height=\"2362\" src=\"http:\/\/www.severinkroj.com\/wp-content\/uploads\/2024\/04\/SHAMANIKA-KREATIVA-net-1.jpg\" alt=\"\" class=\"wp-image-1472\"\/><\/figure>\n","protected":false},"excerpt":{"rendered":"<p>URNIK VSEH DOGODKOV Shamanika Kreativa je odprt prostor za pretok zvo\u010dnega vrelca, za ustvarjanje in izku\u0161anje svetega prostora s pomo\u010djo namena in zvoka, sozvo\u010dja in ritma. Namen je, da skupaj ustvarimo zvo\u010dne slike, ki nas popeljejo na globoka notranja potovanja, da skupaj odstremo&nbsp;razli\u010dne dimenzije in pridemo do stika z enostjo, s pomo\u010djo skupinskega soustvarjanja&nbsp;zvoka in &hellip; <\/p>\n<p class=\"link-more\"><a href=\"http:\/\/www.severinkroj.com\/?page_id=628\" class=\"more-link\">Preberi ve\u010d<span class=\"screen-reader-text\"> &#8220;Shamanika Kreativa&#8221;<\/span><\/a><\/p>\n","protected":false},"author":2,"featured_media":0,"parent":0,"menu_order":0,"comment_status":"closed","ping_status":"closed","template":"","meta":{"footnotes":""},"class_list":["post-628","page","type-page","status-publish","hentry"],"_links":{"self":[{"href":"http:\/\/www.severinkroj.com\/index.php?rest_route=\/wp\/v2\/pages\/628","targetHints":{"allow":["GET"]}}],"collection":[{"href":"http:\/\/www.severinkroj.com\/index.php?rest_route=\/wp\/v2\/pages"}],"about":[{"href":"http:\/\/www.severinkroj.com\/index.php?rest_route=\/wp\/v2\/types\/page"}],"author":[{"embeddable":true,"href":"http:\/\/www.severinkroj.com\/index.php?rest_route=\/wp\/v2\/users\/2"}],"replies":[{"embeddable":true,"href":"http:\/\/www.severinkroj.com\/index.php?rest_route=%2Fwp%2Fv2%2Fcomments&post=628"}],"version-history":[{"count":29,"href":"http:\/\/www.severinkroj.com\/index.php?rest_route=\/wp\/v2\/pages\/628\/revisions"}],"predecessor-version":[{"id":1597,"href":"http:\/\/www.severinkroj.com\/index.php?rest_route=\/wp\/v2\/pages\/628\/revisions\/1597"}],"wp:attachment":[{"href":"http:\/\/www.severinkroj.com\/index.php?rest_route=%2Fwp%2Fv2%2Fmedia&parent=628"}],"curies":[{"name":"wp","href":"https:\/\/api.w.org\/{rel}","templated":true}]}}