{"id":596,"date":"2022-07-28T15:43:26","date_gmt":"2022-07-28T15:43:26","guid":{"rendered":"http:\/\/www.severinkroj.com\/?page_id=596"},"modified":"2023-05-10T10:26:13","modified_gmt":"2023-05-10T10:26:13","slug":"kakav-ceremonija-shamanika-love","status":"publish","type":"page","link":"http:\/\/www.severinkroj.com\/?page_id=596","title":{"rendered":"Kakav ceremonija &#8211; Shamanika Love"},"content":{"rendered":"\n<p><a rel=\"noreferrer noopener\" href=\"http:\/\/www.severinkroj.com\/?page_id=521\" target=\"_blank\">URNIK VSEH DOGODKOV<\/a><\/p>\n\n\n\n<p id=\"block-85ad675f-ff47-4596-99ac-e90898175422\"><strong><a rel=\"noreferrer noopener\" href=\"https:\/\/www.youtube.com\/watch?v=n60tIEnzTDE&amp;list=PLWjVR9eD-vOCbXQaTQ3ozKPS3xMjIIDyr&amp;index=3&amp;ab_channel=SHAMANIKA\" target=\"_blank\">KAKAV CEREMONIJA<\/a><\/strong> &#8211; dokumentarni posnetek &#8211; izvaja Shamanika Love<\/p>\n\n\n\n<figure class=\"wp-block-image size-large is-resized\"><img loading=\"lazy\" decoding=\"async\" src=\"http:\/\/www.severinkroj.com\/wp-content\/uploads\/2023\/05\/shamanika.jpg\" alt=\"\" class=\"wp-image-1108\" width=\"499\" height=\"499\"\/><\/figure>\n\n\n\n<p>Dobrodo\u0161li na skupinski obred ob pitju kakava in \u017eivi glasbi. <\/p>\n\n\n\n<p>Namen kakavove ceremonije je, da se \u0161e bolj odpremo \u017eivljenju, da praznujemo sedanji trenutek, ter vse kar se je in se \u0161e bo zgodilo, torej da praznujemo \u017eivljenje samo, na\u0161 obstoj, na\u0161 soobstoj, na\u0161o harmonijo. <\/p>\n\n\n\n<p>Pri\u017egemo ogenj. V srcu. Skupaj z Mamo Zemljo in Nebom. Skupaj z vsem, kar nas podpira in hrani. <\/p>\n\n\n\n<p id=\"block-aaca0efa-f258-455a-bd03-afa0face240e\">Obredno kuhanje in pitje kakava, in praznovanje \u017eivljenja s petjem in plesom odpira srce, <br>udele\u017eencu omogo\u010di globlji uvid vase, v\u010dasih poskrbi, da se ozavesti in raztopi kak\u0161na stara bole\u010dina. <br>Kakav ni psihoaktivna substanca. V starih kulturah se je uporabljal ravno za te namene, <br>zato se pri tem obredu ne po\u010dutimo samo bli\u017eje ljudem in samim sebi, ampak tudi na\u0161im prednikom. <\/p>\n\n\n\n<p id=\"block-34af42e3-739a-4179-a9db-e268f8b02439\">Obred povezujemo SHAMANIKA LOVE<br>\u0160tevilo mest na dogodku je omejeno na velikost indijanskega \u0161otora. <br>Prispevek za udele\u017ebo: 80\u20ac<\/p>\n\n\n\n<p>Vsak izmed udele\u017eencev bo dele\u017een darila iz rok \u010dlanov skupine Shamanika Love. <\/p>\n\n\n\n<p id=\"block-3ebf245e-36e2-448f-a915-6602204656c9\">Prijave na ceremonijo: shamanika-love@gmail.com <\/p>\n\n\n\n<p><a rel=\"noreferrer noopener\" href=\"http:\/\/www.severinkroj.com\/?page_id=521\" target=\"_blank\">URNIK VSEH DOGODKOV<\/a><\/p>\n\n\n\n<figure class=\"wp-block-image size-large is-resized\"><img loading=\"lazy\" decoding=\"async\" src=\"http:\/\/www.severinkroj.com\/wp-content\/uploads\/2022\/08\/kakao-1024x768.jpeg\" alt=\"\" class=\"wp-image-601\" width=\"441\" height=\"331\" srcset=\"http:\/\/www.severinkroj.com\/wp-content\/uploads\/2022\/08\/kakao-1024x768.jpeg 1024w, http:\/\/www.severinkroj.com\/wp-content\/uploads\/2022\/08\/kakao-300x225.jpeg 300w, http:\/\/www.severinkroj.com\/wp-content\/uploads\/2022\/08\/kakao-768x576.jpeg 768w, http:\/\/www.severinkroj.com\/wp-content\/uploads\/2022\/08\/kakao-1536x1152.jpeg 1536w, http:\/\/www.severinkroj.com\/wp-content\/uploads\/2022\/08\/kakao.jpeg 1600w\" sizes=\"auto, (max-width: 441px) 100vw, 441px\" \/><\/figure>\n","protected":false},"excerpt":{"rendered":"<p>URNIK VSEH DOGODKOV KAKAV CEREMONIJA &#8211; dokumentarni posnetek &#8211; izvaja Shamanika Love Dobrodo\u0161li na skupinski obred ob pitju kakava in \u017eivi glasbi. Namen kakavove ceremonije je, da se \u0161e bolj odpremo \u017eivljenju, da praznujemo sedanji trenutek, ter vse kar se je in se \u0161e bo zgodilo, torej da praznujemo \u017eivljenje samo, na\u0161 obstoj, na\u0161 soobstoj, &hellip; <\/p>\n<p class=\"link-more\"><a href=\"http:\/\/www.severinkroj.com\/?page_id=596\" class=\"more-link\">Preberi ve\u010d<span class=\"screen-reader-text\"> &#8220;Kakav ceremonija &#8211; Shamanika Love&#8221;<\/span><\/a><\/p>\n","protected":false},"author":2,"featured_media":0,"parent":0,"menu_order":0,"comment_status":"closed","ping_status":"closed","template":"","meta":{"footnotes":""},"class_list":["post-596","page","type-page","status-publish","hentry"],"_links":{"self":[{"href":"http:\/\/www.severinkroj.com\/index.php?rest_route=\/wp\/v2\/pages\/596","targetHints":{"allow":["GET"]}}],"collection":[{"href":"http:\/\/www.severinkroj.com\/index.php?rest_route=\/wp\/v2\/pages"}],"about":[{"href":"http:\/\/www.severinkroj.com\/index.php?rest_route=\/wp\/v2\/types\/page"}],"author":[{"embeddable":true,"href":"http:\/\/www.severinkroj.com\/index.php?rest_route=\/wp\/v2\/users\/2"}],"replies":[{"embeddable":true,"href":"http:\/\/www.severinkroj.com\/index.php?rest_route=%2Fwp%2Fv2%2Fcomments&post=596"}],"version-history":[{"count":6,"href":"http:\/\/www.severinkroj.com\/index.php?rest_route=\/wp\/v2\/pages\/596\/revisions"}],"predecessor-version":[{"id":1109,"href":"http:\/\/www.severinkroj.com\/index.php?rest_route=\/wp\/v2\/pages\/596\/revisions\/1109"}],"wp:attachment":[{"href":"http:\/\/www.severinkroj.com\/index.php?rest_route=%2Fwp%2Fv2%2Fmedia&parent=596"}],"curies":[{"name":"wp","href":"https:\/\/api.w.org\/{rel}","templated":true}]}}