{"id":584,"date":"2022-07-28T11:01:36","date_gmt":"2022-07-28T11:01:36","guid":{"rendered":"http:\/\/www.severinkroj.com\/?page_id=584"},"modified":"2024-05-23T20:08:33","modified_gmt":"2024-05-23T20:08:33","slug":"prvinski-ritual-ciscenja-s-stirimi-elementi","status":"publish","type":"page","link":"http:\/\/www.severinkroj.com\/?page_id=584","title":{"rendered":"Prvinski ritual \u010di\u0161\u010denja s \u0161tirimi elementi"},"content":{"rendered":"\n<p><a rel=\"noreferrer noopener\" href=\"http:\/\/www.severinkroj.com\/?page_id=521\" target=\"_blank\">URNIK VSEH DOGODKOV<\/a><\/p>\n\n\n\n<p><strong>PRVINSKI RITUAL \u010cI\u0160\u010cENJA S \u0160TIRIMI ELEMENTI: Zrak, Voda, Ogenj in Zemlja<\/strong><\/p>\n\n\n\n<p><strong>Lokacija<\/strong>: <a rel=\"noreferrer noopener\" href=\"https:\/\/goo.gl\/maps\/D47A9nvjMtRDzpp5A\" target=\"_blank\">Kmetija Dobrovc na Dobrovljah pri Mozirju<\/a>;&nbsp; <\/p>\n\n\n\n<p><strong>\u010cas: <\/strong>Petek, sobota, nedelja, od 31.5. do 2.6. 2024<\/p>\n\n\n\n<p class=\"has-text-color has-link-color wp-elements-29f2e4af3d921163a04e7a15499899a7\" style=\"color:#6018a3\"><em>Preko preprostega, a mo\u010dnega stika z osnovnimi gradniki, se prizemljimo, utelesimo, pre\u010distimo, umirimo.<strong> Zreli smo za popolne preobrate ali subtilne premike na poti k sebi. <\/strong><br>S hvale\u017enostjo in zaupanjem elementom, \u017eivim svetovom narave in udele\u017eencem. <\/em><\/p>\n\n\n\n<p><strong>Obrede koordinirajo<\/strong>: Ognjana &amp; Anteja in \u017diga &amp; Annamaria<\/p>\n\n\n\n<p><a href=\"https:\/\/www.youtube.com\/watch?v=KM_AzXc_pyE&amp;ab_channel=AuroraOrgone\" target=\"_blank\" rel=\"noreferrer noopener\">Klikni za kratko (10 min) video predstavitev na YT. <\/a><\/p>\n\n\n\n<figure class=\"wp-block-image size-large is-resized\"><img loading=\"lazy\" decoding=\"async\" width=\"2048\" height=\"1152\" src=\"http:\/\/www.severinkroj.com\/wp-content\/uploads\/2023\/02\/ogenj-ples.jpg\" alt=\"\" class=\"wp-image-857\"\/><figcaption class=\"wp-element-caption\"> <\/figcaption><\/figure>\n\n\n\n<p>Na\u0161i predniki so \u017eiveli v izredno mo\u010dni povezavi in soodvisnosti z naravo in so se zavedali, da so tako fizi\u010dno kot eteri\u010dno del nje. Na ta na\u010din so bili ves \u010das odprti za energije narave; od nje so preprosto sprejemali, kar so potrebovali. \u010ce \u010desa niso potrebovali, so naravi enostavno predali, brez da bi o tem globlje razmi\u0161ljali. Njihovi vsakodnevni na\u010din \u017eivljenja in ustna izro\u010dila so jim nudili sprotno o\u010di\u0161\u010devanje telesa in duha.<\/p>\n\n\n\n<p>Enkrat letno ali pred pomembnej\u0161imi koraki v svojem \u017eivljenju pa so se podali v globok ritual pre\u010di\u0161\u010devanja in ponovne povezave s svojo prvinsko bitjo. Za ta ritual tako imenovanega resetiranja sebe ali POPOLNEGA PRE\u010cI\u0160\u010cENJA, so uporabili obrede \u010di\u0161\u010denje vseh \u0161tirih naravnih elementov v sebi: zraka, vode, ognja in zemlje. Temu obredu so namenili velik pomen in je dejansko pomenil prerojenje osebnosti. Izvajali so ga bodisi sami ve\u010d dni, mlaj\u0161i pa so obred opravili skupaj s sve\u010denikom. Tudi na tleh Slovenije tako kot seveda po celem svetu, so v izro\u010dilih in bajkah zapisi o pravlji\u010dnih osebah (vilah, kurentih, babah,&#8230;), ki so imele \u010dude\u017ene mo\u010di pomagati ljudem.<\/p>\n\n\n\n<p>Slovansko verovanje pred kr\u0161\u010danstvom je elemente narave poosebilo z bo\u017eanstvi. Tako je bila voda Mara in zemlja Lada; torej sta elementa vode in zemlje \u017eenska energija. Ogenj je bil Perun, ki so ga&nbsp;&nbsp;v Sloveniji imenovali Kresnik, zrak pa predstavlja Svarun, ki je bil stvaritelj vsega, torej sta zrak in ogenj mo\u0161ka energija. Npr. iz Indije poznamo naziv &#8220;Bhuta Shuddh&#8221; za posebno globoko pre\u010di\u0161\u010denje \u010dloveka.<\/p>\n\n\n\n<p>\u010ce ste pred veliko \u017eivljensko odlo\u010ditvijo ali se ne morete odlo\u010diti za potreben korak v svojem \u017eivljenju, morda pa si \u017ee dolgo \u017eelite temeljito fizi\u010dno in duhovno prevetriti svoje telo in duha, potem je ta ritual za vas idealna prilo\u017enost. Omogo\u010dil vam bo popolno transformacijo sebe in vseh elementov v sebi; vse v objemu neokrnjene in divje narave. Poleg tega vam bo ritual odprl pot do neslutenih notranjih mo\u010di in odkrivanja novih tan\u010dic delovanja stvarstva. Morda vam bo celo pokazal pot iz matrice, pot v lastno podzavest ali pot, ki vas vodi v iskanje smisla bivanja na Zemlji. Vsekakor pa vas bo pribli\u017eal k sebi. <\/p>\n\n\n\n<p>So-avtorji dogodka osebno o dogodku. <\/p>\n\n\n\n<figure class=\"wp-block-embed is-type-video is-provider-youtube wp-block-embed-youtube wp-embed-aspect-16-9 wp-has-aspect-ratio\"><div class=\"wp-block-embed__wrapper\">\n<iframe loading=\"lazy\" title=\"Vabljeni na Prvinski ritual s 4 elementi 2024\" width=\"525\" height=\"295\" src=\"https:\/\/www.youtube.com\/embed\/KM_AzXc_pyE?feature=oembed\" frameborder=\"0\" allow=\"accelerometer; autoplay; clipboard-write; encrypted-media; gyroscope; picture-in-picture; web-share\" referrerpolicy=\"strict-origin-when-cross-origin\" allowfullscreen><\/iframe>\n<\/div><figcaption class=\"wp-element-caption\">Marta, \u017diga in Annamaria o &#8220;\u0161tirih elementih&#8221;<\/figcaption><\/figure>\n\n\n\n<p><strong>OPIS DOGODKA<\/strong><\/p>\n\n\n\n<p><strong>Preko u\u010dinkovitih postopkov bomo vzpostavili stik z Vodo, Zrakom, Ognjem in Zemljo. <\/strong>Vzpostavili bomo stik z vsem, kar ti elementi v na\u0161ih \u017eivljenjih predstavljajo. S tem se bo na\u0161e razumevanje in sporazumevanje s silami narave okrepilo. <strong>Izvajali bomo dihalne vaje, potopili se bomo v hladno reko, hodili po \u017eerjavici, bili prisotni v obredni jami, se dru\u017eili ob ognju in okusni hrani. <\/strong>Skratka, zelo prizemljeno, za svobodnega duha.<\/p>\n\n\n\n<p>Dogodek se bo izvajal v divjini gorskega gozda, <strong>na manj\u0161i ekolo\u0161ki kmetiji.<\/strong>&nbsp; Preno\u010devalo se bo bodisi v lastnem \u0161otoru ali na skupnih le\u017ei\u0161\u010dih na seniku.&nbsp; Vklju\u010deni bodo vegetarjanski oz. veganski obroki (ob prijavi vas prosimo za opredelitev glede prehrane.)&nbsp; Strani\u0161\u010de je starinsko, torej na \u0161trbunk, voda na pipi pa je \u017eiva in prijetno&nbsp; hladna.<\/p>\n\n\n\n<p><strong>PROGRAM:<\/strong><\/p>\n\n\n\n<p><strong>Petek<\/strong><br>14.00 Prihod, prijava in nastanitev<br>15:00 Uvodni krog<br>16:00 Stik z vodo (Dreta)<br>20:00 Prepu\u0161\u010danje ognju, ve\u010derja<\/p>\n\n\n\n<p><strong>Sobota<\/strong><br>09:00 Lahki zajtrk<br>10:00 Stik z zrakom (rebirthing)<br>13.00 Kosilo in po\u010ditek<br>15.00 Stik z ognjem (hoja po \u017eerjavici)<br>21.00 Ve\u010derja<\/p>\n\n\n\n<p><strong>Nedelja<\/strong><br>09.00 Lahki zajtrk<br>10:00 Stik z Zemljo (obred v podzemni jami)<br>13:00 Zaklju\u010dek, kosilo, integracija, po\u010ditek.<\/p>\n\n\n\n<p><strong>Oprema<\/strong>: steklenica za vodo, le\u017ealna blazina, za\u0161\u010dita pred klopi, topla obla\u010dila za no\u010d, spalna vre\u010da, (opcija \u2013 \u0161otor), kopalke, brisa\u010da, glasbila, svetilka, \u010drne nogavice, volja do \u017eivljenja.<\/p>\n\n\n\n<p><strong>Prispevek<\/strong><\/p>\n\n\n\n<p>Izmenjava za celovito podporo, stro\u0161ke hrane in bivanja je <strong>370 \u20ac<\/strong><br>Denar naj ne bo ovira za neudele\u017ebo. \u010ce bi radi pri\u0161li, pokli\u010dite in bomo na\u0161li skupno re\u0161itev.<br>V kolikor \u017eelite, lahko znesek poravnate tudi na obroke do 27.5.2024 (pred dogodkom)<\/p>\n\n\n\n<p><strong>Prispevek za tiste, ki se prijavijo do 6.5.2024 zna\u0161a 320 \u20ac, za tiste, ki so \u017ee bili 300 \u20ac<br><\/strong>(prispevek za posteljnino je dodatnih 10 \u20ac, v kolikor ne boste imeli spalne vre\u010de, \u0161otora ali svoje posteljnine)<br>(\u0161tevilo mest na senu je omejeno) Kljub vsemu, organizatorji zaupamo v naravni red in skladnost. :)) <\/p>\n\n\n\n<p>Za zagotovljeno prijavo \u0161teje nakazilo 50\u20ac na ra\u010dun Dru\u0161tva MUC<br>\u0160tevilka ra\u010duna: <strong>SI56 6100 0002 2918 925<\/strong> (elementi)<br>(ali osebno v roke organizatorjem)<br>Ob prijavi vas prosimo, da navedete polno ime, kraj bivanja, svojo telefonsko \u0161tevilko in e-mail, kamor vam bomo poslali dodatne informacije.<\/p>\n\n\n\n<p>Prijave zbiramo do vklju\u010dno 24.5.2023 oz. do zapolnitve vseh prostih mest. <br>Ognjana: 040 132 727, <a href=\"mailto:marta.veder@gmail.com\">marta.veder@gmail.com<\/a>;<br>\u017diga: 051 737 020, <a href=\"himalaya.rebirthing@gmail.com\">himalaya.rebirthing@gmail.com<\/a><\/p>\n\n\n\n<p>\u0160tevilo mest je omejeno na najve\u010d 20 zaradi 20 razli\u010dnih razlogov. \ud83d\ude42 <br>Predvsem je pomembno, da vsak od udele\u017eencev ima in za\u010duti svoje &#8220;mesto&#8221;, <br>se pravi, da je dovolj prostora za vsakogar, da je vsak viden, sli\u0161an. <br>Tako bomo skladno \u017eiveli svoje poslanstvo v svetu, v \u017eivljenju. <br><br>Dobrodo\u0161li v naravo in v na\u0161o dru\u017ebo.<\/p>\n\n\n\n<p>Ognjana, Anteja, \u017diga, Annamaria<\/p>\n\n\n\n<p><\/p>\n\n\n\n<p><strong>GLOBLJI POMEN OBREDOV<\/strong><\/p>\n\n\n\n<figure class=\"wp-block-image size-large\"><img loading=\"lazy\" decoding=\"async\" width=\"1734\" height=\"1301\" src=\"http:\/\/www.severinkroj.com\/wp-content\/uploads\/2023\/02\/vsi-1.jpg\" alt=\"\" class=\"wp-image-867\"\/><\/figure>\n\n\n\n<p class=\"has-medium-font-size\"><strong>GLOBLJI POMEN OBREDOV <\/strong>za bolj\u0161e razumevanje, za pripravo na dejansko izku\u0161njo.<\/p>\n\n\n\n<p>\u010ce pogledamo na \u0161tiri elemente, kot na \u017eiva bitja, bitja s prisotnostjo, z duhom, z zavedanjem, sposobna to zavedanje prena\u0161ati na druga bitja, dojamemo, da smo sposobni sporazumevanja &#8211; tako navznoter, kot navzven &#8211; s stvarstvom. Si \u017eelimo to povezavo vzpostaviti, jo gojiti, jo \u017eiveti? \u0160tirje elementi, gradniki vsega, kar vidimo, \u017eivimo, elementi iz katerih smo sestavljeni, so tukaj. Se po\u010dutimo povezane z Mamo Zemljo, s Predniki, s \u0161irnim Stvarstvom, z bitji Narave, z Zvezdami, s Sabo? Vse to je tukaj. Ali smo tudi mi? <\/p>\n\n\n\n<p>Elementi v naravi nikoli ne delujejo sami, ponekod nekateri prevladujejo, vendar gre tudi takrat pri njih vedno za sodelovanje, enega z drugim, vzajemno, slo\u017eno. Na podoben na\u010din, kot se prepletajo elementi v naravi, bomo na celotnem dogodku sodelovali tudi vsi mi. <\/p>\n\n\n\n<p>Tisti, ki bo potreboval podporo, jo bo dobil. Organizatorji smo vam pripravili globoko izku\u0161njo, skozi katero boste sicer \u0161li vsak sam zase, vendar vam bo zaradi dru\u017ebe la\u017eje, ker boste na izku\u0161njo pripravljeni in podprti \u017ee vnaprej, \u0161e preden oz. ko se zgodi.  <br>Tu smo drug za drugega. <\/p>\n\n\n\n<p>\u010ce bo ob ve\u010derih \u0161e kaj energije, bomo lahko skupaj ob ognju zapeli tudi kak\u0161no hvalnico \u017eivljenju, bivanju, elementom, bitjem narave, prednikom, ali pa zaplesali kak\u0161en divji prvinski ples. Obeta se nam pestra in celostna izku\u0161nja. Hvala za to, da nam je omogo\u010deno predajanje znanja v taki \u010dudoviti obliki. <\/p>\n\n\n\n<p>Obredje s \u0161tirimi elementi je lahko tudi lepo darilo, <br>za mladega \u010dloveka prehod, vrata v druga\u010den svet, neprecenljiv oddih od stresa, <br>za nekoga da prepozna izvire svoje mo\u010di, najde smisel \u017eivljenja. <br>Na\u0161li boste marsikaj :)) <\/p>\n\n\n\n<p>Z namenom celovite izku\u0161nje vas bomo prosili, da mobilne telefone pustite doma ali pa v avtu. Fotografiranje med obredi ni za\u017eeljeno. <\/p>\n\n\n\n<p><strong>ZRAK<\/strong><\/p>\n\n\n\n<figure class=\"wp-block-image size-large is-resized\"><img loading=\"lazy\" decoding=\"async\" width=\"1125\" height=\"1515\" src=\"http:\/\/www.severinkroj.com\/wp-content\/uploads\/2023\/02\/zrak-eije.jpg\" alt=\"\" class=\"wp-image-865\" style=\"width:322px;height:433px\"\/><\/figure>\n\n\n\n<p>1.&nbsp;&nbsp;&nbsp;&nbsp;&nbsp;&nbsp;&nbsp;&nbsp;&nbsp;&nbsp;&nbsp;<strong>OBRED \u010cI\u0160\u010cENJA Z ZRAKOM,<\/strong> stik z zrakom, njegovo zdravilno mo\u010djo. <\/p>\n\n\n\n<p>Zrak po izro\u010dilih domuje na vzhodu in je simbol rojstva, saj predstavlja novo energijo,&nbsp;&nbsp;sve\u017eino v odnosih in mo\u010d za korenite spremembe v \u017eivljenju. Zrak je v prispodobi povezan tudi z jutranjo zoro in pomladjo. Element zraka simbolizira kadilo, ki ga premikajo peresa ptic, prav tako bitij Zraka.<\/p>\n\n\n\n<p>Obredu \u010di\u0161\u010denja z Zrakom pravimo tudi ponovno rojstvo in ga v sodobnem \u010dasu lahko poznamo po imenu \u00bbrebirthing\u00ab. Obred je izredno mo\u010dna dihalna tehnika, ki izhaja iz starodavnih vedskih znanj.&nbsp;&nbsp;<\/p>\n\n\n\n<p>Stik z Zrakom je sre\u010danje s samim seboj, z vsem, kar nosi\u0161 v sebi, oz. s tistimi deli, ki ti povzro\u010dajo najve\u010dje preglavice in najve\u010dje radosti. To je spoznanje svoje notranje podpore in svojih zaveznikov, ki prihajajo iz kraljestev narave. Vse to ti da mo\u010d, da zdr\u017ei\u0161 visoko vibracijsko stanje v katerega te pripelje metoda dihanja rebirthing. Sre\u010da\u0161 se s sabo.<\/p>\n\n\n\n<p>Telo za\u010dne med obredom proizvajati ve\u010dje koli\u010dine protiteles in proteinov in se o\u010disti strupov na fizi\u010dni ravni in energijskih blokad na ravni energijskega telesa. Zaradi dviganja ravni energije v na\u0161em telesu, nam dihalni obred omogo\u010da tudi vi\u0161ja stanja zavesti in prisotnosti, \u010de le ne zaspimo. <\/p>\n\n\n\n<p>Izku\u0161nja je zelo intenzivna, ampak varna, kajti vsak se lahko ustavi, <br>Po obredu se ljudje pogosto po\u010dutijo, kot da bi se ponovno rodili. <br>Na novo se vzpostavijo stare povezave. <\/p>\n\n\n\n<p>Ve\u010d o rebirthingu:&nbsp;<a rel=\"noreferrer noopener\" href=\"http:\/\/www.himalaya-rebirth.com\/sl\/rebirthing\/dogodki-2\/\" target=\"_blank\">http:\/\/www.himalaya-rebirth.com\/sl\/rebirthing\/dogodki-2\/<\/a><\/p>\n\n\n\n<p><strong>OGENJ<\/strong><\/p>\n\n\n\n<figure class=\"wp-block-image size-large\"><img loading=\"lazy\" decoding=\"async\" width=\"1440\" height=\"1800\" src=\"http:\/\/www.severinkroj.com\/wp-content\/uploads\/2023\/02\/vojgi.jpg\" alt=\"\" class=\"wp-image-860\"\/><\/figure>\n\n\n\n<p>2.&nbsp;&nbsp;&nbsp;&nbsp;&nbsp;&nbsp;&nbsp;&nbsp;<strong>&nbsp;&nbsp;&nbsp;OBRED \u010cI\u0160\u010cENJA Z OGNJEM<\/strong>, predajanje ognju, prijateljstvo, strast, transformacija <\/p>\n\n\n\n<p>Ogenj vlada na jugu in je izredno mo\u010dna ustvarjalna in tudi uni\u010dujo\u010da energija. Simbol Ognja je Sonce, zato ima ta element najve\u010djo mo\u010d opoldne in poleti.<\/p>\n\n\n\n<p>Obred \u010di\u0161\u010denja z Ognjem bo potekal kot hoja po \u017eerjavici. Hoja po \u017eerjavici izvira iz pradavnine, ko so ljudje na ta na\u010din dokazovali svoj pogum, zrelost in pripadnost plemenu. V Sloveniji izhaja obred iz obmo\u010dij, kjer so pridelovali oglje. To je bil tudi obredni postopek zdravilcev za odganjanje ne\u017eelenih nevidnih sil in bolezni. S plesom po \u017eerjavici so se vra\u010di povezovali z onostranstvom in ljudem predajali pomembna sporo\u010dila.<\/p>\n\n\n\n<p>Danes je hoja po \u017eerjavici ostanek preteklosti, ki nas pove\u017ee z nevidno ustvarjalno mo\u010djo narave in nam odpre nova obzorja ter \u0161iri zavest. \u010clovek po obredu hoje po \u017eerjavici ob\u010duti svobodo in neizmerno mo\u010d, ki izvira iz obvladovanja lastnih misli in strahov. Hoja po \u017eerjavici je dogodek, ko umolkne na\u0161 um in vse, kar so nas v \u010dasu na\u0161ega \u017eivljenja nau\u010dili. Na plano stopi na\u0161a notranja podoba in njena fantasti\u010dna sposobnost obvladovanja realnega \u017eivljenja in naravnih zakonov.<\/p>\n\n\n\n<p>Obred \u010di\u0161\u010denja z Ognjem \u010dloveka prerodi, ozdravi in pove\u017ee z univerzalnim izvorom in zavestjo. To je eno najmo\u010dnej\u0161ih terapevtskih sredstev, ki povzro\u010da zaznavne spremembe pri \u010dloveku. Stik z \u017eerjavico je popolnoma varen in \u010dloveka temeljito prerodi. <\/p>\n\n\n\n<p>Imeli boste mo\u017enost izkusiti skrivnostno mo\u010d ognja, se povezati z njegovim duhom in mu prepustiti \u010disto vse, \u010desar ne potrebujete ve\u010d. <\/p>\n\n\n\n<p><strong>VODA<\/strong><\/p>\n\n\n\n<figure class=\"wp-block-image size-large\"><img loading=\"lazy\" decoding=\"async\" width=\"2000\" height=\"1500\" src=\"http:\/\/www.severinkroj.com\/wp-content\/uploads\/2023\/02\/vuoda.jpg\" alt=\"\" class=\"wp-image-864\"\/><\/figure>\n\n\n\n<p>3.&nbsp;&nbsp;&nbsp;&nbsp;&nbsp;&nbsp;&nbsp;&nbsp;&nbsp;&nbsp;&nbsp;<strong>OBRED \u010cI\u0160\u010cENJA Z VODO<\/strong>, stik z duhom preto\u010dnosti, sve\u017eine. <\/p>\n\n\n\n<p>Voda domuje na&nbsp;&nbsp;zahodu in je osve\u017eujo\u010da energija, ki premika vse naprej, nikoli nazaj. Voda kot element predstavlja \u010dlove\u0161ka \u010dustva, \u017eivljenjske kroge v naravi in osebne tokove energije v telesu. Voda je povezana z jesenjo in son\u010dnim zahodom. <\/p>\n\n\n\n<p>Voda je bistven sestavni del na\u0161ega telesa in narave;&nbsp;&nbsp;je pogoj za nastanek \u017eivljenja. Vodi pravimo tudi kri matere narave. Voda ima poleg osnovnega \u017eivljenjskega pomena tudi premalo poznano vlogo prenosa informacij. Ljudje lahko te informacije vstavljamo v vodo na razli\u010dne na\u010dine. <\/p>\n\n\n\n<p>V naravi in v na\u0161em telesu Voda deluje podobno kot ra\u010dunalnik, saj upravlja delovanje narave in na\u0161e \u017eivljenje.&nbsp;&nbsp;Med elementi ima Voda najve\u010dji pomen, ker predstavlja&nbsp;&nbsp;velik odstotek telesa. Danes obstaja veliko znanstvenih dokazov, da lahko misel, \u010dustvo, dotik spremenijo molekularno strukturo Vode in jo mo\u010dno spremenijo, kar vpliva na to kako Voda deluje&nbsp;&nbsp;v va\u0161em sistemu (telesu in na\u0161i okolici).<\/p>\n\n\n\n<p>Obred \u010di\u0161\u010denja z Vodo bomo izvedli v prijetnem zalivu reke Savinje, odmaknjeno od civilizacije, kjer se v reko \u0161e ne spu\u0161\u010da odpadnih voda. V uvodnem delu se bomo z dihanjem in spro\u0161\u010danjem pripravili na potop v hladno Vodo.&nbsp;Gre za meditativno povezovanje na\u0161e notranje teko\u010dine z reko, kar nam bo omogo\u010dilo, da nas bo Savinja sprejela prijazno, nas bo ogrela, pre\u010distila vse na\u0161e celice in nas ozdravila. Sam potop v hladni Vodi traja od 2 do 6 minut, odvisno od posameznikove sposobnosti fokusa in vzpostavitve komunikacije z elementom Voda. <\/p>\n\n\n\n<p>Potop v hladno Vodo je tehnika, s katero so ljudje \u017ee od vedno dvigovali svoj imunski sistem, izvaja se ne glede na letni \u010das in temperaturo Vode. <\/p>\n\n\n\n<p>Stik z vodo na obreden na\u010din, je tudi stik svojimi ob\u010dutki iz bivanja v maternici. Lahko postane zares \u010dude\u017eno do\u017eivetje, ko vode ne jemljemo ve\u010d za samoumevno in ji dovolimo, da se nam predstavi, tak\u0161na, kot je. <\/p>\n\n\n\n<p>Potem pa je tukaj \u0161e stik z mrazom, hladom &#8211; ki nas spominja na trpljenje, bole\u010dino, smrt &#8211; in na na\u0161e lastno rojstvo. Mraz je tisti, ki nas sili v gibanje, dihanje, \u017eivljenje. Prvi\u010d nas je zazeblo, ko smo se rodili v ta svet. Ko boste v spro\u0161\u010denem stanju v vodi, bo prilo\u017enost, da pogledate tudi tja. <\/p>\n\n\n\n<p><strong>ZEMLJA<\/strong><\/p>\n\n\n\n<figure class=\"wp-block-image size-large\"><img loading=\"lazy\" decoding=\"async\" width=\"2048\" height=\"1152\" src=\"http:\/\/www.severinkroj.com\/wp-content\/uploads\/2023\/02\/jama.jpg\" alt=\"\" class=\"wp-image-862\"\/><\/figure>\n\n\n\n<p>4.&nbsp;&nbsp;&nbsp;&nbsp;&nbsp;&nbsp;&nbsp;&nbsp;&nbsp;&nbsp;<strong>&nbsp;OBRED \u010cI\u0160\u010cENJA Z ZEMLJO<\/strong>, stik s predniki, starodavnim, modrost. <\/p>\n\n\n\n<p>Element Zemlje domuje na severu in predstavlja stabilnost, varnost in obilje, povezan je s polno\u010djo in zimo. <br>Les, hrana, sol ali zemlja se pogosto uporablja kot simbol za predstavitev elementa Zemlje. <\/p>\n\n\n\n<p>Obred \u010di\u0161\u010denja z Zemljo bo potekal v obredni podzemni jami v bli\u017eini. V tem zaklju\u010dnem obredu se bodo udele\u017eenci konkretno prizemljili in ponovno povezali z materjo Zemljo. Obred je sestavljen iz hoje v ti\u0161ini do podzemne jame, kjer bomo zaprosili za vstop v sveto jamo, se pred tem ponovno pre\u010distili, tokrat z lesno gobo, kot so to po\u010deli na\u0161i predniki. Nato bomo v jami izvedli skupinski zvo\u010dni vrelec, ki bo mo\u010d na\u0161ih namenov prizemljil. Sledila bo ti\u0161ina in postopek povezovanja z Zemljo, ustavili bomo \u010das.<\/p>\n\n\n\n<p>Po obredu udele\u017eenci \u010dutijo neverjetno \u017eivljenjsko mo\u010d v sebi in zavedanje, da jih \u017eivljenje podpira, da so del Zemlje in da jih ta zdravi in varuje ter da je \u017eivljenje polno obilja in neskon\u010dne ljubezni v vsakem trenutku na\u0161ega \u017eivljenja.<\/p>\n\n\n\n<p>\u0160e enkrat boste imeli mo\u017enost, da vzpostavite stik s starodavnim, stik z glasom in zvokom svojih prednikov, stik z Mamo Zemljo, svojo podpornico, hranilko. To je bitje neizmerne topline in ljubezni. Njenega glas pozna vsak. <\/p>\n\n\n\n<p>Na koncu ostane topel ob\u010dutek \ud83d\ude42 <\/p>\n\n\n\n<figure class=\"wp-block-image size-large is-resized\"><img loading=\"lazy\" decoding=\"async\" width=\"1440\" height=\"1799\" src=\"http:\/\/www.severinkroj.com\/wp-content\/uploads\/2023\/02\/zerjava.jpg\" alt=\"\" class=\"wp-image-869\" style=\"width:844px;height:906px\"\/><\/figure>\n\n\n\n<p><a rel=\"noreferrer noopener\" href=\"http:\/\/www.severinkroj.com\/?page_id=521\" target=\"_blank\">URNIK VSEH DOGODKOV<\/a><\/p>\n","protected":false},"excerpt":{"rendered":"<p>URNIK VSEH DOGODKOV PRVINSKI RITUAL \u010cI\u0160\u010cENJA S \u0160TIRIMI ELEMENTI: Zrak, Voda, Ogenj in Zemlja Lokacija: Kmetija Dobrovc na Dobrovljah pri Mozirju;&nbsp; \u010cas: Petek, sobota, nedelja, od 31.5. do 2.6. 2024 Preko preprostega, a mo\u010dnega stika z osnovnimi gradniki, se prizemljimo, utelesimo, pre\u010distimo, umirimo. Zreli smo za popolne preobrate ali subtilne premike na poti k sebi. &hellip; <\/p>\n<p class=\"link-more\"><a href=\"http:\/\/www.severinkroj.com\/?page_id=584\" class=\"more-link\">Preberi ve\u010d<span class=\"screen-reader-text\"> &#8220;Prvinski ritual \u010di\u0161\u010denja s \u0161tirimi elementi&#8221;<\/span><\/a><\/p>\n","protected":false},"author":2,"featured_media":0,"parent":0,"menu_order":0,"comment_status":"closed","ping_status":"closed","template":"","meta":{"footnotes":""},"class_list":["post-584","page","type-page","status-publish","hentry"],"_links":{"self":[{"href":"http:\/\/www.severinkroj.com\/index.php?rest_route=\/wp\/v2\/pages\/584","targetHints":{"allow":["GET"]}}],"collection":[{"href":"http:\/\/www.severinkroj.com\/index.php?rest_route=\/wp\/v2\/pages"}],"about":[{"href":"http:\/\/www.severinkroj.com\/index.php?rest_route=\/wp\/v2\/types\/page"}],"author":[{"embeddable":true,"href":"http:\/\/www.severinkroj.com\/index.php?rest_route=\/wp\/v2\/users\/2"}],"replies":[{"embeddable":true,"href":"http:\/\/www.severinkroj.com\/index.php?rest_route=%2Fwp%2Fv2%2Fcomments&post=584"}],"version-history":[{"count":33,"href":"http:\/\/www.severinkroj.com\/index.php?rest_route=\/wp\/v2\/pages\/584\/revisions"}],"predecessor-version":[{"id":1588,"href":"http:\/\/www.severinkroj.com\/index.php?rest_route=\/wp\/v2\/pages\/584\/revisions\/1588"}],"wp:attachment":[{"href":"http:\/\/www.severinkroj.com\/index.php?rest_route=%2Fwp%2Fv2%2Fmedia&parent=584"}],"curies":[{"name":"wp","href":"https:\/\/api.w.org\/{rel}","templated":true}]}}