{"id":521,"date":"2022-02-27T11:23:22","date_gmt":"2022-02-27T11:23:22","guid":{"rendered":"http:\/\/www.severinkroj.com\/?page_id=521"},"modified":"2026-03-18T12:37:46","modified_gmt":"2026-03-18T11:37:46","slug":"actual-events","status":"publish","type":"page","link":"http:\/\/www.severinkroj.com\/?page_id=521","title":{"rendered":"Dogodki"},"content":{"rendered":"\n<p>Dogodki v okviru dru\u0161tva MUC, skupnosti ENO, Himalaya Rebirthing in drugih.<br><strong>Na vse dogodke se prijavi\u0161 na mail naslov: info@drustvo-muc.si<\/strong><br>Ob prijavi izve\u0161 natan\u010dne info za dogodek in vse ostalo.<\/p>\n\n\n\n<p>Na tej strani spodaj si lahko preberete kak\u0161ne vrste dogodkov ustvarjamo in <br><strong>KDAJ IN  KJE SE ZGODIJO<\/strong> v \u017eivo..  <\/p>\n\n\n\n<div class=\"wp-block-group\"><div class=\"wp-block-group__inner-container is-layout-flow wp-block-group-is-layout-flow\">\n<hr class=\"wp-block-separator has-css-opacity\"\/>\n\n\n\n<div class=\"wp-block-group\"><div class=\"wp-block-group__inner-container is-layout-flow wp-block-group-is-layout-flow\">\n<div class=\"wp-block-columns is-layout-flex wp-container-core-columns-is-layout-9d6595d7 wp-block-columns-is-layout-flex\">\n<div class=\"wp-block-column is-layout-flow wp-block-column-is-layout-flow\" style=\"flex-basis:100%\">\n<p class=\"has-vivid-red-color has-text-color has-link-color wp-elements-1d6daa02ae9592b093a2585842589bb7\">Vsak torek ob 18:00 MC \u017dalec<br><strong>Bobnarska delavnica, krog in skupina<\/strong>&nbsp;+ muzika po 20..<br>Namenjeno konstruktivnemu dru\u017eenju z ritmom, z glasom, raziskovanju ritma<br>(brezpla\u010dno)&nbsp;<\/p>\n\n\n\n<p>\u2764\ufe0f\ud83d\udc9a\ud83d\udc9b<\/p>\n\n\n\n<p>\u010cetrtek, 19.3. ob 18:00, mc \u017dalec<br><strong>ZAKLADJEDELNICA\u00a0\u2013\u00a0<\/strong>izdelovalnica stvari in izdelkov za vsakdanjo rabo,\u00a0<br>in\u0161trumentov, orodja in drugih potreb\u0161\u010din \u2013 od ideje, na\u010drta, do izvedbe.\u00a0<br>Vodi: \u017eiga<br>(brezpla\u010dno)<\/p>\n\n\n\n<p>\u2764\ufe0f\ud83d\udc9a\ud83d\udc9b<\/p>\n\n\n\n<p>\u010cetrtek, 19.3. ob 20:30 (Vrbje)<br><strong>OGNJENI OBRED ZA\u017dIGA STAREGA  ob prazni luni. <\/strong><br>Notranji premiki z elementom \u017eivega ognja. <br>Vodi: \u017eiga <br>(donacija: 10\u20ac)<\/p>\n\n\n\n<p>\u2764\ufe0f\ud83d\udc9a\ud83d\udc9b<\/p>\n\n\n\n<p>Petek in Sobota, 20.3 in 21.3.  (na posestvu Limea (Pore\u010d))<br><strong>Shamanika Kreativa <\/strong><br>Vodi: \u017eiga<br><a href=\"https:\/\/www.facebook.com\/events\/3213209012194376\/?acontext=%7B%22event_action_history%22%3A[%7B%22mechanism%22%3A%22search_results%22%2C%22surface%22%3A%22search%22%7D]%2C%22ref_notif_type%22%3Anull%7D\" target=\"_blank\" rel=\"noreferrer noopener\">VRELO I PRELO &#8211; link na fb<\/a><br>(Donacije)<\/p>\n\n\n\n<p>\u2764\ufe0f\ud83d\udc9a\ud83d\udc9b<\/p>\n\n\n\n<p>Nedelja, 22.3. ob 17:00, Ljubljana<br><strong> Kirtan in Ecstatic dance, <\/strong><br>Najprej po kakavu skupno petje in potem ples. Ne mor\u0161 bolj enostavno povedat. <br>Ena stvar sledi drugi. \u010clovek biva v gibu in v svojem izrazu. <br>(\u017eiga, panchito, rea, nina in drugi)<br>(donacija 55\u20ac)<\/p>\n\n\n\n<p>\u2764\ufe0f\ud83d\udc9a\ud83d\udc9b<\/p>\n\n\n\n<p>Petek, 27.3. ob 18:30, Vrhnika<br><strong>Shamanika Kreativa<\/strong>, <br>Zvo\u010dni vrelci sedanjega trenutka za pretok in zdravje<br>(donacija: 25)<\/p>\n\n\n\n<p>\u2764\ufe0f\ud83d\udc9a\ud83d\udc9b<\/p>\n\n\n\n<p>Sobota, 28.3. ob 9:00 <br><strong>Nabiralni\u0161tvo &#8211;<\/strong> sprehod v gmajno ob Savinji<br>Prepoznavanje in nabiranje divjih zeli\u0161\u010d. <br>(brezpla\u010dno)<\/p>\n\n\n\n<p>\u2764\ufe0f\ud83d\udc9a\ud83d\udc9b<\/p>\n\n\n\n<p>Nedelja. 29.3. ob 18:00 \u017dalec, Arja Vas<br><strong>Krog skupnega petja sr\u010dnih pesmi. <\/strong><br>(Donacija; 25)<\/p>\n\n\n\n<p>\u2764\ufe0f\ud83d\udc9a\ud83d\udc9b<\/p>\n\n\n\n<p>Sreda, 1.4. . ob 18:00, Trzin<br><strong>DRAMILO <\/strong>na temo: kaj je sploh to<strong> \u017eenska energija<\/strong>, kje se ka\u017ee, kako in zakaj in s kom vse in kako sodeluje, &#8230; raziskovanje preko subtilnega zaznavanja, &#8230; Trzin<br>(donacija 30\u20ac in manj &#8211; \u010de zakupi\u0161 ve\u010d sre\u010danj vnaprej)<\/p>\n\n\n\n<p>\u2764\ufe0f\ud83d\udc9a\ud83d\udc9b<\/p>\n\n\n\n<p>\u010cetrtek, 2.4. ob 18:00 Vrbje, \u017dalec<br><strong>KROG PETJA SR\u010cNIH PESMI okrog ognja ob polni luni. <\/strong><br>(prispevek: 15\u20ac)<\/p>\n\n\n\n<p>\u2764\ufe0f\ud83d\udc9a\ud83d\udc9b<\/p>\n\n\n\n<p>Petek, 10.4. ob 18:00 Vrhnika<strong> <\/strong><br><strong>Bobnarski krog, plesni krog, izrazni krog<\/strong>, <strong>KROG <\/strong>spro\u0161\u010denega izraza<br>krog spontanih plesnih postavitev, izrazov, pesmi trenutka in spro\u0161\u010danja. Vodi \u017eiga<br>(donacija: 25)<\/p>\n\n\n\n<p>\u2764\ufe0f\ud83d\udc9a\ud83d\udc9b<\/p>\n\n\n\n<p class=\"has-medium-font-size\"><strong>DALJ\u0160I in INTENZIVNEJ\u0160I ODDIHI<\/strong><\/p>\n\n\n\n<p>\u2764\ufe0f\ud83d\udc9a\ud83d\udc9b<\/p>\n\n\n\n<p>11. &#8211; 17- April <a href=\"https:\/\/www.himalaya-rebirth.com\/sl\/2025\/12\/27\/dotik-vulkanskega-srca-atlantika\/\" target=\"_blank\" rel=\"noreferrer noopener\"><strong>POT DU\u0160E<\/strong> &#8211; <strong>Azori<\/strong><\/a><br>Dotik vulkanskega srca Atlantika <br>Himalaya Rebirthing oddih na Azorih, Onkraj okvirjev. <br><a href=\"https:\/\/www.himalaya-rebirth.com\/sl\/2025\/12\/27\/dotik-vulkanskega-srca-atlantika\/\" target=\"_blank\" rel=\"noreferrer noopener\">Link do povezave na spletno stran<\/a><\/p>\n\n\n\n<p>\u2764\ufe0f\ud83d\udc9a\ud83d\udc9b<\/p>\n\n\n\n<p>30.5. do 6.6. <strong><a href=\"https:\/\/www.himalaya-rebirth.com\/sl\/2025\/12\/30\/dobrodosli-na-oddih-himalaya-na-izu-2\/\" target=\"_blank\" rel=\"noreferrer noopener\">HIMALAYA NA I\u017dU<\/a><\/strong><br>Himalaya Rebirthing oddih na otoku I\u017d, dalmacija. <br>Prepoletni program samospoznavanja in samouresni\u010ditev. <br><a href=\"https:\/\/www.himalaya-rebirth.com\/sl\/2025\/12\/30\/dobrodosli-na-oddih-himalaya-na-izu-2\/\" target=\"_blank\" rel=\"noreferrer noopener\">Link do povezave na dogodek<\/a><\/p>\n\n\n\n<p>\u2764\ufe0f\ud83d\udc9a\ud83d\udc9b<\/p>\n\n\n\n<p>Jeseni &#8211; potovanje v Nepal in program Himalaya Rebirthing<\/p>\n\n\n\n<p>\u2764\ufe0f\ud83d\udc9a\ud83d\udc9b<\/p>\n\n\n\n<p class=\"has-white-color has-text-color has-background\" style=\"background:linear-gradient(135deg,rgb(121,121,214) 0%,rgb(47,70,140) 48%,rgb(40,116,252) 100%)\"><strong>Vsak \u010dlovek se najbolj razvija na podro\u010dju, <\/strong><br><strong>ki ga najbolj zanima , lahko tudi tam, kjer ima najve\u010d te\u017eav<\/strong>. <\/p>\n<\/div>\n<\/div>\n<\/div><\/div>\n\n\n\n<figure class=\"wp-block-image size-full\"><img loading=\"lazy\" decoding=\"async\" width=\"960\" height=\"720\" src=\"http:\/\/www.severinkroj.com\/wp-content\/uploads\/2025\/02\/bobnarski-krog.jpg\" alt=\"\" class=\"wp-image-1923\"\/><figcaption class=\"wp-element-caption\">bobnarski krog<\/figcaption><\/figure>\n\n\n\n<p style=\"font-size:50px\"><strong>Prakti\u010dne delavnice <\/strong><\/p>\n\n\n\n<p style=\"font-size:14px\">(razli\u010dne barve so samo zaradi preglednosti) <\/p>\n\n\n\n<p class=\"has-white-color has-luminous-vivid-amber-to-luminous-vivid-orange-gradient-background has-text-color has-background has-medium-font-size\"><a href=\"http:\/\/www.severinkroj.com\/?page_id=581\" target=\"_blank\" rel=\"noreferrer noopener\"><strong>Bobnarska delavnica &#8211; \u0161tudij ritma <\/strong><\/a>&#8211; izku\u0161nje, razumevanje in vaje delajo mojstra &#8211; na afri\u0161kih bobnih &#8211; na \u0161amanskih bobnih<\/p>\n\n\n\n<p class=\"has-white-color has-text-color has-background has-medium-font-size\" style=\"background:linear-gradient(135deg,rgb(6,147,227) 0%,rgb(6,240,240) 100%)\"><a rel=\"noreferrer noopener\" href=\"http:\/\/www.severinkroj.com\/?page_id=697\" target=\"_blank\"><strong>\u017diva Kreativa &#8211; delavnica trenutnega skupinskega zvo\u010dnega izraza<\/strong><\/a> &#8211; harmonija in kaos<\/p>\n\n\n\n<p class=\"has-white-color has-luminous-vivid-amber-to-luminous-vivid-orange-gradient-background has-text-color has-background has-medium-font-size\"><a rel=\"noreferrer noopener\" href=\"http:\/\/www.severinkroj.com\/?page_id=589\" target=\"_blank\"><strong>Zakladjedelnica &#8211; izdelovalnica uporabnih stvari<\/strong><\/a> &#8211; zakladi iz narave za naravo <\/p>\n\n\n\n<p class=\"has-white-color has-text-color has-background has-medium-font-size\" style=\"background:linear-gradient(135deg,rgb(6,147,227) 0%,rgb(11,231,238) 100%)\"><a href=\"http:\/\/www.severinkroj.com\/?page_id=591\" target=\"_blank\" rel=\"noreferrer noopener\"><strong>Did\u017eiridu delavnica &#8211; u\u010denje igranja na did\u017eiridu<\/strong><\/a> &#8211; starodavni, prvinski, zemeljski<\/p>\n\n\n\n<p class=\"has-white-color has-luminous-vivid-amber-to-luminous-vivid-orange-gradient-background has-text-color has-background has-medium-font-size\"><strong><a rel=\"noreferrer noopener\" href=\"http:\/\/www.severinkroj.com\/?page_id=717\" data-type=\"page\" data-id=\"717\" target=\"_blank\">Dramilo &#8211; redna delavnica prepoznavanja re\u0161itev in prebujanja<\/a> <\/strong>&#8211; tvoj izraz tebe<\/p>\n\n\n\n<p class=\"has-white-color has-text-color has-background has-medium-font-size\" style=\"background:linear-gradient(135deg,rgb(6,147,227) 0%,rgb(5,221,246) 100%)\"><strong><a rel=\"noreferrer noopener\" href=\"http:\/\/www.severinkroj.com\/?page_id=799\" target=\"_blank\">Delavnica napenjanja afri\u0161kih bobnov<\/a> <\/strong>&#8211; tvoj boben si ti :)) <\/p>\n\n\n\n<p class=\"has-white-color has-luminous-vivid-amber-to-luminous-vivid-orange-gradient-background has-text-color has-background has-medium-font-size\"><a href=\"http:\/\/www.severinkroj.com\/?page_id=1727\"><strong>PLES \u017dIVLJENJA <\/strong><\/a>&#8211; obredna predstava <br>5 mese\u010dni program osvobajanja, ozave\u0161\u010danja in skupnega ustvarjanja obredne predstave. <\/p>\n\n\n\n<p class=\"has-large-font-size\"><strong>Glasba<\/strong> <\/p>\n\n\n\n<p class=\"has-white-color has-luminous-vivid-amber-to-luminous-vivid-orange-gradient-background has-text-color has-background has-medium-font-size\"><strong><a rel=\"noreferrer noopener\" href=\"http:\/\/www.severinkroj.com\/?page_id=1247\" target=\"_blank\">KROG \u017dIVE NARAVE &#8211; skupinsko soustvarjanje harmonije in miru<\/a><\/strong><\/p>\n\n\n\n<p class=\"has-white-color has-electric-grass-gradient-background has-text-color has-background has-medium-font-size\"><a rel=\"noreferrer noopener\" href=\"http:\/\/www.severinkroj.com\/?page_id=628\" target=\"_blank\"><strong>Shamanika Kreativa &#8211; glasba in zvok sedanjega trenutka<\/strong><\/a><\/p>\n\n\n\n<p class=\"has-white-color has-luminous-vivid-amber-to-luminous-vivid-orange-gradient-background has-text-color has-background has-medium-font-size\"><a href=\"http:\/\/www.severinkroj.com\/?page_id=1218\" target=\"_blank\" rel=\"noreferrer noopener\"><strong>RAZGIBANICA &#8211; VRACH<\/strong> in Gostje<\/a> &#8211; \u017eiva glasba za tvoj rahli ples<\/p>\n\n\n\n<p class=\"has-white-color has-electric-grass-gradient-background has-text-color has-background has-medium-font-size\"><a rel=\"noreferrer noopener\" href=\"http:\/\/www.severinkroj.com\/?page_id=593\" target=\"_blank\"><strong>Bobnarski krog in \u0161amansko potovanje<\/strong><\/a><\/p>\n\n\n\n<p class=\"has-large-font-size\"><strong>Oddihi in krogi samospoznanja<\/strong><\/p>\n\n\n\n<p class=\"has-white-color has-text-color has-background has-medium-font-size\" style=\"background:linear-gradient(135deg,rgb(6,147,227) 0%,rgb(253,253,253) 100%)\"><strong><a href=\"https:\/\/www.himalaya-rebirth.com\/sl\/2025\/02\/06\/camp-corenina-2025\/\" target=\"_blank\" rel=\"noreferrer noopener\">Camp Corenina<\/a><\/strong><\/p>\n\n\n\n<p class=\"has-white-color has-text-color has-background has-medium-font-size\" style=\"background:linear-gradient(135deg,rgb(182,126,220) 0%,rgb(152,150,240) 100%)\"><strong><a href=\"http:\/\/www.severinkroj.com\/?page_id=1026\" target=\"_blank\" rel=\"noreferrer noopener\">Krog Samospoznanja in Novih Poti<\/a><\/strong><\/p>\n\n\n\n<p class=\"has-white-color has-text-color has-background has-medium-font-size\" style=\"background:linear-gradient(135deg,rgb(6,147,227) 0%,rgb(253,253,253) 100%)\"><strong><a rel=\"noreferrer noopener\" href=\"http:\/\/www.himalaya-rebirth.com\/sl\/rebirthing\/dogodki-2\/\" target=\"_blank\">Skupinski rebirthing<\/a><\/strong><\/p>\n\n\n\n<p class=\"has-white-color has-text-color has-background has-medium-font-size\" style=\"background:linear-gradient(135deg,rgb(196,127,236) 0%,rgb(152,150,240) 100%)\"><a rel=\"noreferrer noopener\" href=\"http:\/\/www.severinkroj.com\/?page_id=584\" target=\"_blank\"><strong>Prvinski obred \u010di\u0161\u010denja s \u0161tirimi elementi<\/strong><\/a><\/p>\n\n\n\n<p class=\"has-white-color has-text-color has-background has-medium-font-size\" style=\"background:linear-gradient(135deg,rgb(6,147,227) 0%,rgb(254,254,254) 100%)\"><strong><a href=\"http:\/\/www.severinkroj.com\/?page_id=641\" target=\"_blank\" rel=\"noreferrer noopener\">Healing &amp; Growing with the spirit of Horses<\/a><\/strong><\/p>\n\n\n\n<p class=\"has-white-color has-text-color has-background has-medium-font-size\" style=\"background:linear-gradient(135deg,rgb(196,127,236) 0%,rgb(152,150,240) 100%)\"><a href=\"http:\/\/www.severinkroj.com\/?page_id=1636\" data-type=\"page\" data-id=\"1636\" target=\"_blank\" rel=\"noreferrer noopener\"><strong>Obredi prehoda za mo\u0161ke<\/strong><\/a><\/p>\n\n\n\n<hr class=\"wp-block-separator has-css-opacity\"\/>\n<\/div><\/div>\n\n\n\n<p><\/p>\n\n\n\n<p><strong>Dogodki so v organizaciji Dru\u0161tva MUC ali v sodelovanju z drugimi dru\u0161tvi, organizacijami in \u017eivimi ljudmi. Na\u0161 namen je prispevati v mozaik ljudske kulture v najvi\u0161je dobro za vse. <br>Naj bodo na\u0161i koraki lahkotni, naj se poka\u017eejo prilo\u017enosti za sodelovanja, naj bo lep pretok med ljudmi. <\/strong><\/p>\n\n\n\n<p><strong>Naj tisti, ki ustvarjajo zmedo in kaos, odletijo stran, kot star pepel. <\/strong><\/p>\n","protected":false},"excerpt":{"rendered":"<p>Dogodki v okviru dru\u0161tva MUC, skupnosti ENO, Himalaya Rebirthing in drugih.Na vse dogodke se prijavi\u0161 na mail naslov: info@drustvo-muc.siOb prijavi izve\u0161 natan\u010dne info za dogodek in vse ostalo. Na tej strani spodaj si lahko preberete kak\u0161ne vrste dogodkov ustvarjamo in KDAJ IN KJE SE ZGODIJO v \u017eivo.. Vsak torek ob 18:00 MC \u017dalecBobnarska delavnica, krog &hellip; <\/p>\n<p class=\"link-more\"><a href=\"http:\/\/www.severinkroj.com\/?page_id=521\" class=\"more-link\">Preberi ve\u010d<span class=\"screen-reader-text\"> &#8220;Dogodki&#8221;<\/span><\/a><\/p>\n","protected":false},"author":2,"featured_media":0,"parent":92,"menu_order":1,"comment_status":"closed","ping_status":"closed","template":"","meta":{"footnotes":""},"class_list":["post-521","page","type-page","status-publish","hentry"],"_links":{"self":[{"href":"http:\/\/www.severinkroj.com\/index.php?rest_route=\/wp\/v2\/pages\/521","targetHints":{"allow":["GET"]}}],"collection":[{"href":"http:\/\/www.severinkroj.com\/index.php?rest_route=\/wp\/v2\/pages"}],"about":[{"href":"http:\/\/www.severinkroj.com\/index.php?rest_route=\/wp\/v2\/types\/page"}],"author":[{"embeddable":true,"href":"http:\/\/www.severinkroj.com\/index.php?rest_route=\/wp\/v2\/users\/2"}],"replies":[{"embeddable":true,"href":"http:\/\/www.severinkroj.com\/index.php?rest_route=%2Fwp%2Fv2%2Fcomments&post=521"}],"version-history":[{"count":420,"href":"http:\/\/www.severinkroj.com\/index.php?rest_route=\/wp\/v2\/pages\/521\/revisions"}],"predecessor-version":[{"id":2180,"href":"http:\/\/www.severinkroj.com\/index.php?rest_route=\/wp\/v2\/pages\/521\/revisions\/2180"}],"up":[{"embeddable":true,"href":"http:\/\/www.severinkroj.com\/index.php?rest_route=\/wp\/v2\/pages\/92"}],"wp:attachment":[{"href":"http:\/\/www.severinkroj.com\/index.php?rest_route=%2Fwp%2Fv2%2Fmedia&parent=521"}],"curies":[{"name":"wp","href":"https:\/\/api.w.org\/{rel}","templated":true}]}}